digit of 5538?
5
What is the units digit of 2823?
3
What is the thousands digit of 18652?
8
What is the hundreds digit of 5980?
9
What is the hundreds digit of 20713?
7
What is the units digit of 26941?
1
What is the thousands digit of 29471?
9
What is the tens digit of 5184?
8
What is the hundreds digit of 3153?
1
What is the ten thousands digit of 57171?
5
What is the tens digit of 799?
9
What is the units digit of 758?
8
What is the thousands digit of 15535?
5
What is the hundreds digit of 16486?
4
What is the tens digit of 44257?
5
What is the units digit of 1610?
0
What is the ten thousands digit of 29830?
2
What is the hundreds digit of 1409?
4
What is the thousands digit of 7296?
7
What is the hundreds digit of 12314?
3
What is the tens digit of 161?
6
What is the thousands digit of 3276?
3
What is the hundreds digit of 8002?
0
What is the units digit of 60?
0
What is the hundreds digit of 230?
2
What is the thousands digit of 42786?
2
What is the units digit of 1835?
5
What is the tens digit of 819?
1
What is the tens digit of 1998?
9
What is the units digit of 456?
6
What is the hundreds digit of 3181?
1
What is the hundreds digit of 936?
9
What is the tens digit of 973?
7
What is the hundreds digit of 542?
5
What is the hundreds digit of 9391?
3
What is the units digit of 44673?
3
What is the tens digit of 20760?
6
What is the hundreds digit of 2795?
7
What is the units digit of 5162?
2
What is the units digit of 724?
4
What is the thousands digit of 1749?
1
What is the tens digit of 374?
7
What is the tens digit of 159?
5
What is the thousands digit of 94049?
4
What is the tens digit of 928?
2
What is the tens digit of 660?
6
What is the hundreds digit of 4315?
3
What is the hundreds digit of 34989?
9
What is the thousands digit of 36744?
6
What is the hundreds digit of 873?
8
What is the hundreds digit of 47052?
0
What is the units digit of 56305?
5
What is the tens digit of 905?
0
What is the tens digit of 334?
3
What is the hundreds digit of 975?
9
What is the thousands digit of 1410?
1
What is the units digit of 5444?
4
What is the units digit of 21?
1
What is the thousands digit of 6008?
6
What is the hundreds digit of 6141?
1
What is the tens digit of 41709?
0
What is the ten thousands digit of 171511?
7
What is the hundreds digit of 1438?
4
What is the tens digit of 4831?
3
What is the tens digit of 2893?
9
What is the ten thousands digit of 18616?
1
What is the units digit of 5621?
1
What is the units digit of 5848?
8
What is the units digit of 10575?
5
What is the tens digit of 7533?
3
What is the hundreds digit of 612?
6
What is the ten thousands digit of 21755?
2
What is the units digit of 1520?
0
What is the hundreds digit of 1794?
7
What is the hundreds digit of 2068?
0
What is the thousands digit of 1968?
1
What is the thousands digit of 1159?
1
What is the hundreds digit of 18179?
1
What is the thousands digit of 42919?
2
What is the tens digit of 1881?
8
What is the ten thousands digit of 37139?
3
What is the hundreds digit of 8031?
0
What is the ten thousands digit of 36697?
3
What is the tens digit of 23488?
8
What is the units digit of 29827?
7
What is the units digit of 629?
9
What is the hundreds digit of 1266?
2
What is the thousands digit of 1036?
1
What is the hundreds digit of 450?
4
What is the hundreds digit of 545?
5
What is the ten thousands digit of 34633?
3
What is the thousands digit of 84998?
4
What is the hundreds digit of 95475?
4
What is the units digit of 35405?
5
What is the ten thousands digit of 73415?
7
What is the ten thousands digit of 23655?
2
What is the units digit of 5534?
4
What is the hundreds digit of 28329?
3
What is the hundreds digit of 3865?
8
What is the tens digit of 1009?
0
What is the tens digit of 35769?
6
What is the units digit of 69523?
3
What is the hundreds digit of 2017?
0
What is the units digit of 4127?
7
What is the thousands digit of 4233?
4
What is the units digit of 1537?
7
What is the tens digit of 2384?
8
What is the tens digit of 852?
5
What is the hundreds digit of 8322?
3
What is the thousands digit of 18342?
8
What is the units digit of 1452?
2
What is the thousands digit of 1531?
1
What is the units digit of 3073?
3
What is the thousands digit of 1604?
1
What is the thousands digit of 7456?
7
What is the hundreds digit of 1846?
8
What is the units digit of 2579?
9
What is the hundreds digit of 3610?
6
What is the tens digit of 1698?
9
What is the units digit of 1502?
2
What is the hundreds digit of 1511?
5
What is the tens digit of 412?
1
What is the hundreds digit of 8791?
7
What is the tens digit of 49017?
1
What is the hundreds digit of 1451?
4
What is the thousands digit of 21604?
1
What is the thousands digit of 5771?
5
What is the units digit of 3205?
5
What is the tens digit of 308?
0
What is the tens digit of 1667?
6
What is the thousands digit of 98714?
8
What is the thousands digit of 1394?
1
What is the thousands digit of 5749?
5
What is the units digit of 11142?
2
What is the hundreds digit of 9859?
8
What is the tens digit of 1885?
8
What is the ten thousands digit of 49275?
4
What is the thousands digit of 34353?
4
What is the tens digit of 7746?
4
What is the units digit of 29030?
0
What is the thousands digit of 1083?
1
What is the ten thousands digit of 65214?
6
What is the tens digit of 3296?
9
What is the tens digit of 1871?
7
What is the hundreds digit of 599?
5
What is the hundreds digit of 1149?
1
What is the tens digit of 385?
8
What is the tens digit of 3522?
2
What is the tens digit of 2397?
9
What is the thousands digit of 114048?
4
What is the ten thousands digit of 16237?
1
What is the ten thousands digit of 34230?
3
What is the hundreds digit of 31838?
8
What is the hundreds digit of 835?
8
What is the hundreds digit of 50761?
7
What is the units digit of 3662?
2
What is the tens digit of 198?
9
What is the thousands digit of 1330?
1
What is the units digit of 80559?
9
What is the thousands digit of 30628?
0
What is the tens digit of 102099?
9
What is the units digit of 232?
2
What is the hundreds digit of 1842?
8
What is the hundreds digit of 3560?
5
What is the hundreds digit of 9799?
7
What is the units digit of 60659?
9
What is the thousands digit of 88658?
8
What is the units digit of 9834?
4
What is the units digit of 3092?
2
What is the units digit of 2532?
2
What is the tens digit of 5744?
4
What is the units digit of 825?
5
What is the units digit of 94841?
1
What is the ten thousands digit of 17496?
1
What is the hundreds digit of 1041?
0
What is the thousands digit of 1371?
1
What is the hundreds digit of 994?
9
What is the tens digit of 854?
5
What is the tens digit of 57273?
7
What is the ten thousands digit of 12131?
1
What is the units digit of 4663?
3
What is the hundreds digit of 411?
4
What is the units digit of 6378?
8
What is the units digit of 37860?
0
What is the units digit of 66445?
5
What is the units digit of 181098?
8
What is the hundreds digit of 1821?
8
What is the ten thousands digit of 14546?
1
What is the tens digit of 92740?
4
What is the units digit of 143?
3
What is the hundreds digit of 760?
7
What is the units digit of 1267?
7
What is the hundreds digit of 5589?
5
What is the tens digit of 1635?
3
What is the tens digit of 174?
7
What is the hundred thousands digit of 128643?
1
What is the tens digit of 767?
6
What is the units digit of 134751?
1
What is the hundreds digit of 15292?
2
What is the tens digit of 992?
9
What is the ten thousands digit of 107728?
0
What is the units digit of 1162?
2
What is the thousands digit of 4136?
4
What is the tens digit of 657?
5
What is the tens digit of 612?
1
What is the hundreds digit of 4675?
6
What is the tens digit of 1245?
4
What is the hundreds digit of 3446?
4
What is the units digit of 2636?
6
What is the tens digit of 3214?
1
What is the tens digit of 330?
3
What is the ten thousands digit of 113698?
1
What is the ten thousands digit of 10728?
1
What is the units digit of 3585?
5
What is the hundreds digit of 899?
8
What is the units digit of 228?
8
What is the units digit of 63163?
3
What is the units digit of 4861?
1
What is the units digit of 1501?
1
What is the hundreds digit of 132190?
1
What is the units digit of 27531?
1
What is th